n = -2*q. What is the units digit of q?
7
Let u(i) = -i**3 + 16*i**2 - 12*i - 10. What is the units digit of u(15)?
5
Let l = 4 + 2. Suppose 4*m = 3*x + 2, 2*m - l + 4 = x. What is the units digit of m?
2
Let z be (-1 + (-4 - 124))/(-1). Suppose -3*l + 6*l = z. What is the tens digit of l?
4
Suppose 5*p + 8 + 22 = 0. Let b(i) = -i**3 - 7*i**2 - 7*i - 4. What is the units digit of b(p)?
2
Let x = 88 + 72. What is the tens digit of x?
6
Let n(z) = z**2 + 7*z - 5. Let g be n(-7). Let k(r) = -3*r + 1. What is the units digit of k(g)?
6
What is the tens digit of ((37 - 3) + 2)*1?
3
Let o be -5 - (1 - 0) - -2. Let m = -4 - o. Suppose f + 16 = -m*x + 5*x, x = -4*f + 41. What is the units digit of f?
9
Let i(v) = v**3 - 13*v**2 + v - 13. Let c be i(13). Suppose -t + 13 = -c*t. What is the units digit of t?
3
Let x(w) = 4*w**3 - 12*w**2 + 9*w. What is the hundreds digit of x(4)?
1
Suppose 4*c + 2*a = 312, -5*c + 4*a + 0*a + 416 = 0. What is the units digit of c?
0
Suppose 2*f = 49 + 45. What is the units digit of f?
7
Let u be (14/(-4) - 0)*2. Let t = u - -9. Suppose 15 = 3*s + t*s. What is the units digit of s?
3
Suppose -2*n = -n - 9. Let s = n + -2. What is the units digit of s?
7
Let c(s) = -s - 8. Let g be c(-10). Suppose g*i = 5*k + 41, -3*k + 35 = 5*i - 2*k. Suppose -2*q - i = -3*q. What is the units digit of q?
8
Let k be 1/5 + 61/(-5). Let w = -5 - k. Let s = w - 4. What is the units digit of s?
3
Let m(a) = -a**2 - 7*a + 9. Let p be m(-7). Suppose -r = -2*v - p, 5*r - 3 - 2 = 0. Let c(j) = -2*j - 2. What is the units digit of c(v)?
6
Let h(u) = 2*u + 3. Let r(l) = l + 4. Let s(b) = -2*h(b) + 3*r(b). What is the units digit of s(5)?
1
Let p(i) = -i**3 + 7*i**2 - 7*i + 4. Let r = -8 + 12. What is the units digit of p(r)?
4
Let x = -99 + 485. What is the hundreds digit of x?
3
Suppose -j + 3 = 4*h, 0 = -j + 3*j + 10. Let c(p) = 22*p - 2. What is the units digit of c(h)?
2
Let f(c) = -2*c - 5. Let m be f(-5). Let v(z) = -3*z**2 + 4*z**2 + 0*z**2 - 2*z - 5. What is the units digit of v(m)?
0
Let a = -2 - -7. Let g be (-2)/3 + (-34)/(-6). Suppose g*r - a*k - 45 = 0, 2*r - 4*r - 6 = 4*k. What is the units digit of r?
5
Let v be (-7)/(-2) + 2/(-4). Suppose -48 = -k - v*k. What is the units digit of k?
2
Suppose -4*c = -0*c + 5*w - 93, -2*c + w + 29 = 0. What is the units digit of c?
7
Let z(n) = 0*n + 4*n + 5 - 2 + 3*n**2. Let p be z(-2). Suppose 4 = -r, -i = 4*i + 2*r - p. What is the units digit of i?
3
What is the units digit of -2 - 1 - (2 - 14)?
9
What is the hundreds digit of (-4 + 3 - -283) + -5?
2
Let d(u) = -u**2 + u + 5. Let y = -7 + 16. Let s be 0/(3/(y/6)). What is the units digit of d(s)?
5
Let b = -10 + 14. Let m(g) = g - 2. What is the units digit of m(b)?
2
Let k = 77 + 29. What is the hundreds digit of k?
1
Let j(f) = 6*f + 3. What is the units digit of j(4)?
7
Let n be (-2)/(-8)*-2*-4. What is the units digit of 6 - 0 - n/2?
5
Let f be 13/3 + 2/3. What is the units digit of 11 - (2 + -4 + f)?
8
Let r(x) be the first derivative of -x**4/4 - 11*x**3/3 + x**2/2 + 10*x + 1. Let c be r(-11). What is the units digit of (-1)/((2/12)/c)?
6
Let i(p) = -9*p - 1. Suppose -15 = 5*j - h, 7*h - 24 = 2*j + 3*h. What is the units digit of i(j)?
7
Suppose -s - 295 = -4*q, -198 = -5*q - 3*s + 158. What is the tens digit of q?
7
Let r(h) = 2*h - 49. What is the units digit of r(26)?
3
Suppose 2*w = -5*x + 52, 2 = -w + 3. What is the tens digit of x?
1
Suppose 0 = -l + 5*l + 2*t - 1378, -2*l = -4*t - 714. What is the units digit of l?
7
Let o be 44 - 1 - (2 - -1). What is the tens digit of (-5)/(o/(-68))*6?
5
Suppose -2*o + 12 = -2*h - 0*h, 2*o + 5*h - 19 = 0. Suppose -4*w + 3 - o = -3*x, 2*x - w = 11. What is the units digit of x?
8
Let s be (12/(-10))/((-4)/10). Let h be 6/s - (-1 - 1). Suppose 3*p + h = 7. What is the units digit of p?
1
Let f(u) = 3*u - 1. Let c be f(-2). Suppose 2*n + 1 + 7 = 0. What is the units digit of (-5)/n - c/(-28)?
1
Let i(k) = -14*k - 28. What is the units digit of i(-8)?
4
Let p = -25 + 21. Let h(o) = -13*o. What is the tens digit of h(p)?
5
Let z = 1 - -3. Let n(c) = 3*c + 1 - c**2 - z*c + 11*c. What is the units digit of n(8)?
7
Suppose 2*a + 3*a + 70 = 5*l, 4*a - 5*l + 59 = 0. What is the tens digit of (-1 - -4 - 4)*a?
1
Suppose -w - 2*f = -139, -w - 3*w + 565 = -f. What is the units digit of w?
1
Let s(h) = -20*h + 4. What is the tens digit of s(-3)?
6
Suppose -4*c + 5*z + 32 = -26, z + 32 = 2*c. Suppose -2*m = -7 - c. Let b = m + -7. What is the units digit of b?
5
Let k = -6 + 7. Suppose 3*v + k = h + 2, v + 2*h = -2. Let r(f) = -f**2 - f + 3. What is the units digit of r(v)?
3
Let t(u) = u**2 - 12*u - 4. Let b be t(10). Let d = b - -45. What is the tens digit of d?
2
Suppose 2*h = -2*h + 5*n - 11, 3*n + 19 = -4*h. What is the units digit of -2*(27/(-2) - h)?
9
Suppose 21 = -8*w + 5*w. Let j(a) be the first derivative of -a**4/4 - 2*a**3 + 3*a**2 + 2*a - 1. What is the units digit of j(w)?
9
Let p(b) be the first derivative of -3*b**2 + b - 4. What is the tens digit of p(-4)?
2
Let f = 6 + -4. Suppose -3*h - 5*c = -149, 5*h - c - 143 = f*h. Suppose 0 = 7*j - 3*j - h. What is the units digit of j?
2
Let o be (-2)/(-2 - 0)*1. Let p(f) = -8*f**3 - 3*f + 4. Let j(i) = -i + 1. Let v(c) = 3*j(c) - p(c). What is the units digit of v(o)?
7
Suppose 0 = q + 2*q + 3. Let x(z) = z**2 - z + 2. Let h be x(2). Let i = h + q. What is the units digit of i?
3
Let h(p) = p**2 - 3. Suppose 4*f + 7 = -0*a + 3*a, f = -2*a - 10. Let j be h(a). Suppose 0 = -g - k + j, -2*g - 3*g + 2*k = 5. What is the units digit of g?
1
Let u = -36 + 11. What is the units digit of (u/(-15))/((-2)/(-18))?
5
Let i(a) = -a + 24. Let j(f) = -2*f - 10. Let x be j(-5). What is the units digit of i(x)?
4
Let y be 1 + 26 + -1 + -2. Suppose 0 = 4*u + l - 44, -l + 4*l = u - y. What is the tens digit of u?
1
Let s(u) = u**3 - u**2 + 134. What is the units digit of s(0)?
4
Let w be -4 + 7 + (2 - 2). Suppose 28 = 2*h - w*a, 3*a - 12 - 8 = -4*h. What is the units digit of h?
8
Suppose -s - 5*m - 4 = -32, 30 = 5*s + 3*m. Suppose -s*o - k = o - 13, -3*o + 26 = 4*k. What is the units digit of o?
2
Let u = 1 - 11. Let d be (-84)/u - 6/15. Let o = d + 4. What is the tens digit of o?
1
Let i(o) = o**3 + 4*o**2 + o - 5. What is the units digit of i(-3)?
1
Let g = 52 + -35. What is the tens digit of g?
1
Suppose -9*p + 182 = -2*p. What is the units digit of p?
6
Suppose -185 = -2*w - 5*d, 2*d - 78 - 13 = -w. What is the units digit of w?
5
Let l = -2 + 2. Suppose 4*k = -l*k. Let i = 3 + k. What is the units digit of i?
3
Let f be (-9)/(-12) + 18/8. Let k(p) = 4 - p - p + f*p. What is the units digit of k(4)?
8
Let t(m) = 3*m**2 + 8*m + 7. What is the units digit of t(-5)?
2
Let m(o) = o**2 + 5*o. Let n(s) = 4*s**2 + 19*s. Let b(p) = 9*m(p) - 2*n(p). What is the units digit of b(-8)?
8
Let x be (3 + -2)*-6*-2. Suppose 4*q - x = -0. What is the units digit of q?
3
Suppose s + 11 = g, -2 + 4 = -2*s. Let t = g - 6. Suppose -6 = -5*b + t. What is the units digit of b?
2
Suppose 29*q - 65 = 24*q. What is the units digit of q?
3
Suppose -8 = -2*a - 2*k, -a + 3*k = 2*k - 2. Suppose 0 = g - a*g - 28. What is the tens digit of (-3 + 17)*(-12)/g?
1
Let i = 198 + 50. What is the tens digit of i?
4
Suppose 0*v = -4*v - 12. What is the units digit of (-46)/(v + (-3 - -4))?
3
What is the units digit of (-6)/33 + (-237)/(-33)?
7
Suppose -2 = -4*o + 5*v + 35, 2*o - 2*v = 16. Suppose -4*h + 40 = o*z, 0 = -5*z + h - 0*h + 59. What is the units digit of z?
2
Let y(s) = s - 4. Suppose 25 = 5*b - 0*r + 4*r, -2*b + 2*r = -10. Let c be y(b). What is the units digit of c/(0 + 1 + 0)?
1
Let o(d) be the third derivative of -d**5/60 + 7*d**4/24 - d**3/2 - d**2. Let q be o(6). Suppose q*s = 2*m - 7, -m + 12 + 5 = 3*s. What is the units digit of m?
8
Suppose 0 = 2*t - 27 + 7. Suppose -3*k = 3*s - 6, 5*k + t = 4*s + s. Suppose 21 = s*y + y. What is the units digit of y?
7
Suppose -3*g + 86 = t - 3*t, -4*g + 116 = -3*t. What is the units digit of g?
6
Suppose 8 = -4*q, 2*q = 3*x - 15 - 43. What is the units digit of x?
8
Suppose 0 = 3*l - 8 - 1. Let n be 18/(-27) - (-17)/l. Suppose 0 = 5*f, -k + n*k - 60 = 4*f. What is the tens digit of k?
1
Suppose 0 = 3*c - 2*c + 4*t - 32, 69 = 3*c + 3*t. What is the